{"id":864,"date":"2018-08-31T14:30:23","date_gmt":"2018-08-31T17:30:23","guid":{"rendered":"https:\/\/ispa-sal.infd.edu.ar\/sitio\/prof-de-danzas-con-orientacion-en-danzas-folkloricas\/"},"modified":"2025-07-31T11:18:51","modified_gmt":"2025-07-31T14:18:51","slug":"prof-de-danzas-con-orientacion-en-danzas-folkloricas","status":"publish","type":"page","link":"https:\/\/ispa-sal.infd.edu.ar\/sitio\/prof-de-danzas-con-orientacion-en-danzas-folkloricas\/","title":{"rendered":"Prof de Danzas con Orientacion en DANZAS FOLKL\u00d3RICAS"},"content":{"rendered":"\n<figure class=\"wp-block-image size-full\"><img decoding=\"async\" loading=\"lazy\" width=\"1584\" height=\"396\" src=\"https:\/\/ispa-sal.infd.edu.ar\/sitio\/wp-content\/uploads\/2023\/04\/Folklore.jpg\" alt=\"\" class=\"wp-image-1493\" srcset=\"https:\/\/ispa-sal.infd.edu.ar\/sitio\/wp-content\/uploads\/2023\/04\/Folklore.jpg 1584w, https:\/\/ispa-sal.infd.edu.ar\/sitio\/wp-content\/uploads\/2023\/04\/Folklore-1000x250.jpg 1000w, https:\/\/ispa-sal.infd.edu.ar\/sitio\/wp-content\/uploads\/2023\/04\/Folklore-768x192.jpg 768w, https:\/\/ispa-sal.infd.edu.ar\/sitio\/wp-content\/uploads\/2023\/04\/Folklore-1536x384.jpg 1536w\" sizes=\"(max-width: 1584px) 100vw, 1584px\" \/><\/figure>\n\n\n\n<h2 class=\"wp-block-heading has-text-align-center has-contrast-2-color has-text-color\" style=\"letter-spacing:10px;text-transform:uppercase\">staff doCENTE 2025<\/h2>\n\n\n\n<div style=\"height:25px\" aria-hidden=\"true\" class=\"wp-block-spacer\"><\/div>\n\n\n\n<h4 class=\"wp-block-heading has-contrast-color has-text-color\" style=\"letter-spacing:5px\">COORDINACI\u00d3N<\/h4>\n\n\n\n<figure class=\"wp-block-table is-style-stripes\"><table class=\"has-base-3-background-color has-background\"><tbody><tr><td>VACANTE<\/td><\/tr><\/tbody><\/table><\/figure>\n\n\n\n<h4 class=\"wp-block-heading has-contrast-color has-text-color\" style=\"letter-spacing:5px\">DOCENTES<\/h4>\n\n\n\n<figure class=\"wp-block-table is-style-stripes\"><table><tbody><tr><td>MATERIA<\/td><td>DOCENTE A CARGO<\/td><\/tr><tr><td>1.01 &#8211; Pedagogia <\/td><td>OLIVERA CATALINA EVANGELINA<\/td><\/tr><tr><td>1.02 &#8211; Did\u00e1ctica General<\/td><td>OLIVERA CATALINA EVANGELINA<\/td><\/tr><tr><td>1.03 &#8211; Psicolog\u00eda Educacional<\/td><td>MAZA ROCIO MICALEA<\/td><\/tr><tr><td>1.04 &#8211; Lectura y Escritura Acad\u00e9mica<\/td><td>MANINO MARCIA MURIEL<\/td><\/tr><tr><td>1.05 &#8211; Anatom\u00eda y Fisiolog\u00eda aplicada a la Danza<\/td><td>RODRIGUEZ EDITH CAROLINA<\/td><\/tr><tr><td>1.06 &#8211; Anal\u00edsis Musical aplicado a la Danza Folkl\u00f3rica<\/td><td>DE MICHELI JUL\u00cdAN ANIBAL<\/td><\/tr><tr><td>1.07 &#8211; Danzas Nativas<\/td><td>NOTARIO HUGO ELOY<\/td><\/tr><tr><td>1.08 &#8211; Zapateo<\/td><td>PARRAGA JOSE OSCAR<\/td><\/tr><tr><td>1.09 &#8211; Pr\u00e1ctica Docente I: Contexto, Comunidad y Escuela<\/td><td>YANES ADELMA<\/td><\/tr><tr><td>TALLERES DE LA PR\u00c1CTICA DEL 1ER A\u00d1O<\/td><td>HERRERA ROSANA DEL VALLE<\/td><\/tr><tr><td>2.10 &#8211; Sociolog\u00eda de la Educaci\u00f3n<\/td><td>CANABIDE LETICIA ANALY<\/td><\/tr><tr><td>2.11 &#8211; Historia Argentina y Latinoamericana<\/td><td>AG\u00dcERO, VICTOR MANUEL<\/td><\/tr><tr><td>2.12 &#8211; Tecnolog\u00edas de la Informaci\u00f3n y Comunicaci\u00f3n &#8211; TIC<\/td><td>ARREDES JAVIER RICARDO<\/td><\/tr><tr><td>2.13 &#8211; Folklore Argentino<\/td><td>VARGAS CARLOS FERNANDO<\/td><\/tr><tr><td>2.14 &#8211; Danzas Nativas Interdependientes<\/td><td>MORALES CARRIZO ELIANA MACARENA<\/td><\/tr><tr><td>2.15 &#8211; Zapateo Combinado <\/td><td>PARRAGA JOSE OSCAR<\/td><\/tr><tr><td>2.16 &#8211; Did\u00e1ctica Especial de la Danza Folklorica: Educaci\u00f3n Inicial y Educaci\u00f3n Primaria<\/td><td>MEDINA RITA ANALIA<\/td><\/tr><tr><td>2.17 &#8211; Instrumentos Folkl\u00f3ricos Regionales<\/td><td>DE MICHELI JUL\u00cdAN ANIBAL<\/td><\/tr><tr><td>2.18 &#8211; Pr\u00e1ctica Docente II: Gesti\u00f3n Institucional, Curriculum y Ense\u00f1anza<\/td><td>HERRERA ROSANA DEL VALLE<\/td><\/tr><tr><td>TALLERES DE LA PR\u00c1CTICA DEL 2DO A\u00d1O<\/td><td>YANES ADELMA<\/td><\/tr><tr><td>3.19 &#8211; Historia y Pol\u00edtica de la Educaci\u00f3n Argentina<\/td><td>QUIROGA ALBERTO RAMIRO<\/td><\/tr><tr><td>3.20 &#8211; Filosof\u00eda<\/td><td>FERREYRA EDGARDO ASDRUBAL<\/td><\/tr><tr><td>3.21 &#8211; Historia de la Danza y el Atuendo Argentino<\/td><td>FABIAN ANDREA MARIA VANESA<\/td><\/tr><tr><td>3.22 &#8211; Danzas Nativas de Car\u00e1cter Expresivo<\/td><td>MORALES CARRIZO ELIANA MACARENA<\/td><\/tr><tr><td>3.23 &#8211; Zapateo de Creaci\u00f3n<\/td><td>PARRAGA JOSE OSCAR<\/td><\/tr><tr><td>3.24 &#8211; Did\u00e1ctica Especial de la Danza Folklorica: Nivel Secundario y Ambitos no Formales<\/td><td>MEDINA RITA ANALIA<\/td><\/tr><tr><td>3.25 &#8211; Sujetos de la Educaci\u00f3n<\/td><td>ALANCAY ROMINA PAOLA<\/td><\/tr><tr><td>3.26 &#8211; Pr\u00e1ctica Docente III: Pr\u00e1ctica y Residencia Pedag\u00f3gica en el Nivel Inicial y Primario<\/td><td>VILCA JUAN CARLOS<\/td><\/tr><tr><td>TALLERES DE LA PR\u00c1CTICA DEL 3ER A\u00d1O<\/td><td>GUZM\u00c1N PEREZ NOELIA GUADALUPE<\/td><\/tr><tr><td>4.27 &#8211; Formaci\u00f3n Etica y Ciudadana<\/td><td>FERREYRA EDGARDO ASDRUBAL<\/td><\/tr><tr><td>4.28 &#8211; Problem\u00e1tica de la Interculturalidad<\/td><td>FERREYRA EDGARDO ASDRUBAL<\/td><\/tr><tr><td>4.29 &#8211; Folklore Regional<\/td><td>VARGAS CARLOS FERNANDO<\/td><\/tr><tr><td>4.30 &#8211; Danzas de Conjunto y de Proyecci\u00f3n <\/td><td>VILCA JUAN CARLOS<\/td><\/tr><tr><td>4.31 &#8211; Danzas Latinoamericanas<\/td><td>GUZM\u00c1N PEREZ NOELIA GUADALUPE<\/td><\/tr><tr><td>4.32 &#8211; Composici\u00f3n Coreogr\u00e1fica<\/td><td>GUZM\u00c1N PEREZ NOELIA GUADALUPE<\/td><\/tr><tr><td>4.33 &#8211; Producci\u00f3n de Espect\u00e1culos<\/td><td>FABIAN ANDREA MARIA VANESA<\/td><\/tr><tr><td>4.34 &#8211; Tango<\/td><td>QUIROGA MIGUEL ANGEL<\/td><\/tr><tr><td>4.35 &#8211; Educaci\u00f3n Sexual Integral<\/td><td>ELBIRT RAQUEL<\/td><\/tr><tr><td>4.36 &#8211; Practica Docente IV: Practica Residencia Pedaogica en el Nivel Secundario y ambitos no formales<\/td><td>FABIAN ANDREA MARIA VANESA<\/td><\/tr><tr><td>TALLERES DE LA PR\u00c1CTICA DEL 4TO A\u00d1O<\/td><td>GUZM\u00c1N PEREZ NOELIA GUADALUPE<\/td><\/tr><\/tbody><\/table><\/figure>\n","protected":false},"excerpt":{"rendered":"<p>staff doCENTE 2025 COORDINACI\u00d3N VACANTE DOCENTES MATERIA DOCENTE A CARGO 1.01 &#8211; Pedagogia OLIVERA CATALINA EVANGELINA 1.02 &#8211; Did\u00e1ctica General OLIVERA CATALINA EVANGELINA 1.03 &#8211; Psicolog\u00eda Educacional MAZA ROCIO MICALEA 1.04 &#8211; Lectura y Escritura Acad\u00e9mica MANINO MARCIA MURIEL 1.05 &#8211; Anatom\u00eda y Fisiolog\u00eda aplicada a la Danza RODRIGUEZ EDITH CAROLINA 1.06 &#8211; Anal\u00edsis Musical &#8230; <a title=\"Prof de Danzas con Orientacion en DANZAS FOLKL\u00d3RICAS\" class=\"read-more\" href=\"https:\/\/ispa-sal.infd.edu.ar\/sitio\/prof-de-danzas-con-orientacion-en-danzas-folkloricas\/\" aria-label=\"More on Prof de Danzas con Orientacion en DANZAS FOLKL\u00d3RICAS\">[+]<\/a><\/p>\n","protected":false},"author":16,"featured_media":0,"parent":0,"menu_order":0,"comment_status":"closed","ping_status":"closed","template":"","meta":[],"acf":[],"_links":{"self":[{"href":"https:\/\/ispa-sal.infd.edu.ar\/sitio\/wp-json\/wp\/v2\/pages\/864"}],"collection":[{"href":"https:\/\/ispa-sal.infd.edu.ar\/sitio\/wp-json\/wp\/v2\/pages"}],"about":[{"href":"https:\/\/ispa-sal.infd.edu.ar\/sitio\/wp-json\/wp\/v2\/types\/page"}],"author":[{"embeddable":true,"href":"https:\/\/ispa-sal.infd.edu.ar\/sitio\/wp-json\/wp\/v2\/users\/16"}],"replies":[{"embeddable":true,"href":"https:\/\/ispa-sal.infd.edu.ar\/sitio\/wp-json\/wp\/v2\/comments?post=864"}],"version-history":[{"count":11,"href":"https:\/\/ispa-sal.infd.edu.ar\/sitio\/wp-json\/wp\/v2\/pages\/864\/revisions"}],"predecessor-version":[{"id":1637,"href":"https:\/\/ispa-sal.infd.edu.ar\/sitio\/wp-json\/wp\/v2\/pages\/864\/revisions\/1637"}],"wp:attachment":[{"href":"https:\/\/ispa-sal.infd.edu.ar\/sitio\/wp-json\/wp\/v2\/media?parent=864"}],"curies":[{"name":"wp","href":"https:\/\/api.w.org\/{rel}","templated":true}]}}